{"id":954,"date":"2017-03-28T21:14:35","date_gmt":"2017-03-28T20:14:35","guid":{"rendered":"http:\/\/www.gliavolesinelmondo.it\/?page_id=954"},"modified":"2017-11-11T16:36:23","modified_gmt":"2017-11-11T15:36:23","slug":"la-sezione-romana","status":"publish","type":"page","link":"https:\/\/www.gliavolesinelmondo.it\/index.php\/la-sezione-romana\/","title":{"rendered":"La sezione Romana"},"content":{"rendered":"<h4>Il Presidente della Sezione Romana<\/h4>\n<p><img data-recalc-dims=\"1\" loading=\"lazy\" decoding=\"async\" data-attachment-id=\"1687\" data-permalink=\"https:\/\/www.gliavolesinelmondo.it\/index.php\/la-sezione-romana\/tarantino-2\/\" data-orig-file=\"https:\/\/i0.wp.com\/www.gliavolesinelmondo.it\/wordpress\/wp-content\/uploads\/tarantino-1.jpg?fit=212%2C273&amp;ssl=1\" data-orig-size=\"212,273\" data-comments-opened=\"0\" data-image-meta=\"{&quot;aperture&quot;:&quot;0&quot;,&quot;credit&quot;:&quot;&quot;,&quot;camera&quot;:&quot;&quot;,&quot;caption&quot;:&quot;&quot;,&quot;created_timestamp&quot;:&quot;0&quot;,&quot;copyright&quot;:&quot;&quot;,&quot;focal_length&quot;:&quot;0&quot;,&quot;iso&quot;:&quot;0&quot;,&quot;shutter_speed&quot;:&quot;0&quot;,&quot;title&quot;:&quot;&quot;,&quot;orientation&quot;:&quot;0&quot;}\" data-image-title=\"tarantino\" data-image-description=\"\" data-image-caption=\"\" data-large-file=\"https:\/\/i0.wp.com\/www.gliavolesinelmondo.it\/wordpress\/wp-content\/uploads\/tarantino-1.jpg?fit=212%2C273&amp;ssl=1\" class=\"alignnone wp-image-1687 size-thumbnail\" src=\"https:\/\/i0.wp.com\/www.gliavolesinelmondo.it\/wordpress\/wp-content\/uploads\/tarantino-1.jpg?resize=150%2C150\" alt=\"\" width=\"150\" height=\"150\" srcset=\"https:\/\/i0.wp.com\/www.gliavolesinelmondo.it\/wordpress\/wp-content\/uploads\/tarantino-1.jpg?resize=150%2C150&amp;ssl=1 150w, https:\/\/i0.wp.com\/www.gliavolesinelmondo.it\/wordpress\/wp-content\/uploads\/tarantino-1.jpg?resize=75%2C75&amp;ssl=1 75w\" sizes=\"auto, (max-width: 150px) 100vw, 150px\" \/> <strong>Michele Tarantino<\/strong>, figlio del Maestro Giovanni Tarantino, stimatissimo direttore del complesso bandistico Citt\u00e0 di Avola. Trascorre ad Avola gli anni dell&#8217;infanzia e dell&#8217;adolescenza, a 17 anni segue le famiglia a Roma: dove la madre &#8211; Prof.ssa Gisella Pacca &#8211; era stata trasferita. GLi anni duri del dopoguerra lo indicono ad iniziare prestissimo a lavorare: a 22 anni \u00e8 cancelliere presso la Corte d&#8217;Appello di Venezia. Completa gli studi di giurisprudenza, si laurea all&#8217;Universit\u00e0 di Roma, e a 27 anni entra in magistratura. Vi segue una brillante carriera fino al conferimento dell&#8217;idoneit\u00e0 alla funzioni direttive superiori e all&#8217;incarico di Presidente di Sezione del Tribunale di Roma.<\/p>\n<h4><a href=\"http:\/\/www.gliavolesinelmondo.it\/index.php\/eventi-e-iniziative-della-sezione-romana\/\">Eventi e iniziative della Sezione Romana<\/a><\/h4>\n<p><img data-recalc-dims=\"1\" loading=\"lazy\" decoding=\"async\" data-attachment-id=\"956\" data-permalink=\"https:\/\/www.gliavolesinelmondo.it\/index.php\/la-sezione-romana\/roma\/\" data-orig-file=\"https:\/\/i0.wp.com\/www.gliavolesinelmondo.it\/wordpress\/wp-content\/uploads\/Roma.jpg?fit=550%2C412&amp;ssl=1\" data-orig-size=\"550,412\" data-comments-opened=\"0\" data-image-meta=\"{&quot;aperture&quot;:&quot;0&quot;,&quot;credit&quot;:&quot;&quot;,&quot;camera&quot;:&quot;&quot;,&quot;caption&quot;:&quot;&quot;,&quot;created_timestamp&quot;:&quot;0&quot;,&quot;copyright&quot;:&quot;&quot;,&quot;focal_length&quot;:&quot;0&quot;,&quot;iso&quot;:&quot;0&quot;,&quot;shutter_speed&quot;:&quot;0&quot;,&quot;title&quot;:&quot;&quot;,&quot;orientation&quot;:&quot;0&quot;}\" data-image-title=\"Roma\" data-image-description=\"\" data-image-caption=\"\" data-large-file=\"https:\/\/i0.wp.com\/www.gliavolesinelmondo.it\/wordpress\/wp-content\/uploads\/Roma.jpg?fit=550%2C412&amp;ssl=1\" class=\"alignnone size-full wp-image-956\" src=\"https:\/\/i0.wp.com\/www.gliavolesinelmondo.it\/wordpress\/wp-content\/uploads\/Roma.jpg?resize=550%2C412\" alt=\"\" width=\"550\" height=\"412\" \/><\/p>\n<h5><\/h5>\n<h5>Storia della sezione di Roma<\/h5>\n<p>Dopo circa due anni dalla costituzione dell&#8217;Associazione, a Roma, un consistente numero di Avolesi, oggi residenti o domiciliati nella capitale, oltre ad iscriversi all&#8217;Associazione ed a sostenere l&#8217;attivit\u00e0 ha considerato l&#8217;opportunit\u00e0 di riunire l&#8217;impegno di ciascuno all&#8217;interno di gruppo formalmente riconosciuto.<\/p>\n<p>Accogliendo il cordiale invito dell&#8217;amico Michele Tarantino (nella foto), gli avolesi di Roma si sono pi\u00f9 volte incontrati nel corso dell&#8217;anno ed hanno analizzato forme, modalit\u00e0 e contenuti di una pi\u00f9 attiva partecipazione alla vita di Associazione.<\/p>\n<p>Il 10 gennaio 2001 sono state tracciate le linee della struttura organizzativa che il gruppo intende darsi in piena sintonia agli organi statutari.<\/p>\n<p>Il <strong>2 marzo 2001<\/strong>, con formale atto deliberativo, si \u00e8 costituita a Roma la sede secondaria dell&#8217;Associazione &#8220;Gli Avolesi nel mondo&#8221;.<\/p>\n<p>L&#8217;Associazione Romana si avvale di un Comitato di Coordinamento con i seguenti incarichi:<\/p>\n<p>Presisente: <strong>Michele Tarantino<\/strong><\/p>\n<p>Vice Presidente: <strong>Nunziata Monello<\/strong><\/p>\n<p>Tesoriere: <strong>Sebastiano Brisindi<\/strong><\/p>\n<p>Segretario: <strong>Giuseppe Basile<\/strong><\/p>\n<p>Consigliere: <strong>Franco Monello<\/strong><\/p>\n<p>Consigliere: <strong>Sebastiano Tiralongo<\/strong><\/p>\n<p>Consigliere: <strong>Tony Nastasi<\/strong><\/p>\n<p>Obiettivi:<\/p>\n<ol>\n<li>La creazione di un punto di riferimento per gli associati e per l&#8217;Associazione stessa al fine di agevolare la soluzione dei problemi che interferiscono con enti ed istituzioni aventi sede in Roma.<\/li>\n<li>La formulazione di proposte e suggerimenti sia per quanto riguarda iniziative culturali che esigenze della collettivit\u00e0 cittadina, promovendone la necessaria pubblicizzazione.<\/li>\n<li>Il perseguimento di aggregazioni con associazioni ed enti anche di altre citt\u00e0 per lo studio e le possibili soluzioni di problemi comuni, con particolare riferimento alla tutela dell&#8217;ambiente, alla valorizzazione del territorio e del patrimonio artistico e culturale.<\/li>\n<li>La promozione di attivit\u00e0 ricreative, culturali e commemorative.<\/li>\n<\/ol>\n<p>&nbsp;<\/p>\n","protected":false},"excerpt":{"rendered":"<p>Il Presidente della Sezione Romana Michele Tarantino, figlio del Maestro Giovanni Tarantino, stimatissimo direttore del complesso bandistico Citt\u00e0 di Avola. Trascorre ad Avola gli anni dell&#8217;infanzia e dell&#8217;adolescenza, a 17 anni segue le famiglia a Roma: dove la madre &#8211; Prof.ssa Gisella Pacca &#8211; era stata trasferita. GLi anni duri del dopoguerra lo indicono ad &hellip; <a href=\"https:\/\/www.gliavolesinelmondo.it\/index.php\/la-sezione-romana\/\" class=\"more-link\">Leggi tutto <span class=\"screen-reader-text\">La sezione Romana<\/span><\/a><\/p>\n","protected":false},"author":21,"featured_media":0,"parent":0,"menu_order":3,"comment_status":"closed","ping_status":"closed","template":"templates\/full-width-page.php","meta":{"footnotes":""},"tags":[36,100],"class_list":["post-954","page","type-page","status-publish","hentry","tag-gli-avolesi-nel-mondo","tag-sezione-romana","no-featured-image"],"jetpack_sharing_enabled":true,"jetpack_shortlink":"https:\/\/wp.me\/P5BIdv-fo","_links":{"self":[{"href":"https:\/\/www.gliavolesinelmondo.it\/index.php\/wp-json\/wp\/v2\/pages\/954","targetHints":{"allow":["GET"]}}],"collection":[{"href":"https:\/\/www.gliavolesinelmondo.it\/index.php\/wp-json\/wp\/v2\/pages"}],"about":[{"href":"https:\/\/www.gliavolesinelmondo.it\/index.php\/wp-json\/wp\/v2\/types\/page"}],"author":[{"embeddable":true,"href":"https:\/\/www.gliavolesinelmondo.it\/index.php\/wp-json\/wp\/v2\/users\/21"}],"replies":[{"embeddable":true,"href":"https:\/\/www.gliavolesinelmondo.it\/index.php\/wp-json\/wp\/v2\/comments?post=954"}],"version-history":[{"count":10,"href":"https:\/\/www.gliavolesinelmondo.it\/index.php\/wp-json\/wp\/v2\/pages\/954\/revisions"}],"predecessor-version":[{"id":1809,"href":"https:\/\/www.gliavolesinelmondo.it\/index.php\/wp-json\/wp\/v2\/pages\/954\/revisions\/1809"}],"wp:attachment":[{"href":"https:\/\/www.gliavolesinelmondo.it\/index.php\/wp-json\/wp\/v2\/media?parent=954"}],"wp:term":[{"taxonomy":"post_tag","embeddable":true,"href":"https:\/\/www.gliavolesinelmondo.it\/index.php\/wp-json\/wp\/v2\/tags?post=954"}],"curies":[{"name":"wp","href":"https:\/\/api.w.org\/{rel}","templated":true}]}}

<h4>Il Presidente della Sezione Romana</h4>
<p><img data-recalc-dims="1" loading="lazy" decoding="async" data-attachment-id="1687" data-permalink="https://www.gliavolesinelmondo.it/index.php/la-sezione-romana/tarantino-2/" data-orig-file="https://i0.wp.com/www.gliavolesinelmondo.it/wordpress/wp-content/uploads/tarantino-1.jpg?fit=212%2C273&amp;ssl=1" data-orig-size="212,273" data-comments-opened="0" data-image-meta="{&quot;aperture&quot;:&quot;0&quot;,&quot;credit&quot;:&quot;&quot;,&quot;camera&quot;:&quot;&quot;,&quot;caption&quot;:&quot;&quot;,&quot;created_timestamp&quot;:&quot;0&quot;,&quot;copyright&quot;:&quot;&quot;,&quot;focal_length&quot;:&quot;0&quot;,&quot;iso&quot;:&quot;0&quot;,&quot;shutter_speed&quot;:&quot;0&quot;,&quot;title&quot;:&quot;&quot;,&quot;orientation&quot;:&quot;0&quot;}" data-image-title="tarantino" data-image-description="" data-image-caption="" data-large-file="https://i0.wp.com/www.gliavolesinelmondo.it/wordpress/wp-content/uploads/tarantino-1.jpg?fit=212%2C273&amp;ssl=1" class="alignnone wp-image-1687 size-thumbnail" src="https://i0.wp.com/www.gliavolesinelmondo.it/wordpress/wp-content/uploads/tarantino-1.jpg?resize=150%2C150" alt="" width="150" height="150" srcset="https://i0.wp.com/www.gliavolesinelmondo.it/wordpress/wp-content/uploads/tarantino-1.jpg?resize=150%2C150&amp;ssl=1 150w, https://i0.wp.com/www.gliavolesinelmondo.it/wordpress/wp-content/uploads/tarantino-1.jpg?resize=75%2C75&amp;ssl=1 75w" sizes="auto, (max-width: 150px) 100vw, 150px" /> <strong>Michele Tarantino</strong>, figlio del Maestro Giovanni Tarantino, stimatissimo direttore del complesso bandistico Città di Avola. Trascorre ad Avola gli anni dell&#8217;infanzia e dell&#8217;adolescenza, a 17 anni segue le famiglia a Roma: dove la madre &#8211; Prof.ssa Gisella Pacca &#8211; era stata trasferita. GLi anni duri del dopoguerra lo indicono ad iniziare prestissimo a lavorare: a 22 anni è cancelliere presso la Corte d&#8217;Appello di Venezia. Completa gli studi di giurisprudenza, si laurea all&#8217;Università di Roma, e a 27 anni entra in magistratura. Vi segue una brillante carriera fino al conferimento dell&#8217;idoneità alla funzioni direttive superiori e all&#8217;incarico di Presidente di Sezione del Tribunale di Roma.</p>
<h4><a href="http://www.gliavolesinelmondo.it/index.php/eventi-e-iniziative-della-sezione-romana/">Eventi e iniziative della Sezione Romana</a></h4>
<p><img data-recalc-dims="1" loading="lazy" decoding="async" data-attachment-id="956" data-permalink="https://www.gliavolesinelmondo.it/index.php/la-sezione-romana/roma/" data-orig-file="https://i0.wp.com/www.gliavolesinelmondo.it/wordpress/wp-content/uploads/Roma.jpg?fit=550%2C412&amp;ssl=1" data-orig-size="550,412" data-comments-opened="0" data-image-meta="{&quot;aperture&quot;:&quot;0&quot;,&quot;credit&quot;:&quot;&quot;,&quot;camera&quot;:&quot;&quot;,&quot;caption&quot;:&quot;&quot;,&quot;created_timestamp&quot;:&quot;0&quot;,&quot;copyright&quot;:&quot;&quot;,&quot;focal_length&quot;:&quot;0&quot;,&quot;iso&quot;:&quot;0&quot;,&quot;shutter_speed&quot;:&quot;0&quot;,&quot;title&quot;:&quot;&quot;,&quot;orientation&quot;:&quot;0&quot;}" data-image-title="Roma" data-image-description="" data-image-caption="" data-large-file="https://i0.wp.com/www.gliavolesinelmondo.it/wordpress/wp-content/uploads/Roma.jpg?fit=550%2C412&amp;ssl=1" class="alignnone size-full wp-image-956" src="https://i0.wp.com/www.gliavolesinelmondo.it/wordpress/wp-content/uploads/Roma.jpg?resize=550%2C412" alt="" width="550" height="412" /></p>
<h5></h5>
<h5>Storia della sezione di Roma</h5>
<p>Dopo circa due anni dalla costituzione dell&#8217;Associazione, a Roma, un consistente numero di Avolesi, oggi residenti o domiciliati nella capitale, oltre ad iscriversi all&#8217;Associazione ed a sostenere l&#8217;attività ha considerato l&#8217;opportunità di riunire l&#8217;impegno di ciascuno all&#8217;interno di gruppo formalmente riconosciuto.</p>
<p>Accogliendo il cordiale invito dell&#8217;amico Michele Tarantino (nella foto), gli avolesi di Roma si sono più volte incontrati nel corso dell&#8217;anno ed hanno analizzato forme, modalità e contenuti di una più attiva partecipazione alla vita di Associazione.</p>
<p>Il 10 gennaio 2001 sono state tracciate le linee della struttura organizzativa che il gruppo intende darsi in piena sintonia agli organi statutari.</p>
<p>Il <strong>2 marzo 2001</strong>, con formale atto deliberativo, si è costituita a Roma la sede secondaria dell&#8217;Associazione &#8220;Gli Avolesi nel mondo&#8221;.</p>
<p>L&#8217;Associazione Romana si avvale di un Comitato di Coordinamento con i seguenti incarichi:</p>
<p>Presisente: <strong>Michele Tarantino</strong></p>
<p>Vice Presidente: <strong>Nunziata Monello</strong></p>
<p>Tesoriere: <strong>Sebastiano Brisindi</strong></p>
<p>Segretario: <strong>Giuseppe Basile</strong></p>
<p>Consigliere: <strong>Franco Monello</strong></p>
<p>Consigliere: <strong>Sebastiano Tiralongo</strong></p>
<p>Consigliere: <strong>Tony Nastasi</strong></p>
<p>Obiettivi:</p>
<ol>
<li>La creazione di un punto di riferimento per gli associati e per l&#8217;Associazione stessa al fine di agevolare la soluzione dei problemi che interferiscono con enti ed istituzioni aventi sede in Roma.</li>
<li>La formulazione di proposte e suggerimenti sia per quanto riguarda iniziative culturali che esigenze della collettività cittadina, promovendone la necessaria pubblicizzazione.</li>
<li>Il perseguimento di aggregazioni con associazioni ed enti anche di altre città per lo studio e le possibili soluzioni di problemi comuni, con particolare riferimento alla tutela dell&#8217;ambiente, alla valorizzazione del territorio e del patrimonio artistico e culturale.</li>
<li>La promozione di attività ricreative, culturali e commemorative.</li>
</ol>
<p>&nbsp;</p>

<p>Il Presidente della Sezione Romana Michele Tarantino, figlio del Maestro Giovanni Tarantino, stimatissimo direttore del complesso bandistico Città di Avola. Trascorre ad Avola gli anni dell&#8217;infanzia e dell&#8217;adolescenza, a 17 anni segue le famiglia a Roma: dove la madre &#8211; Prof.ssa Gisella Pacca &#8211; era stata trasferita. GLi anni duri del dopoguerra lo indicono ad &hellip; <a href="https://www.gliavolesinelmondo.it/index.php/la-sezione-romana/" class="more-link">Leggi tutto <span class="screen-reader-text">La sezione Romana</span></a></p>
